. Give v(i).
2
Let y(k) = 6*k + 32 + 0*k + 2*k - 2*k. Let t(h) = -2*h - 11. Let u(v) = 8*t(v) + 3*y(v). Calculate u(-6).
-4
Suppose -11 = 2*l + 3*u, 5*u + 30 = l + 3. Let j = 2 - l. Let o(t) = t**3 - 2. Calculate o(j).
-2
Let o(f) = -f**3 + 2*f**2 - 5*f - 1. Let u(s) = -3*s**3 + 5*s**2 - 11*s - 3. Let i(y) = 5*o(y) - 2*u(y). Give i(2).
3
Let o(f) = f**2 - 5*f. Suppose 0 = 3*r - 2*s + 47, 4*r - 5*s + 41 + 10 = 0. Let m = r + 25. Determine o(m).
6
Let g be 20/70*14/120. Let c(f) be the third derivative of -1/6*f**3 - 1/12*f**4 + 0 - f**2 + 1/120*f**6 + 0*f - g*f**5. What is c(3)?
2
Let s(d) = d**3 - 5*d**2 - 7*d + 5. Let b be 4 - (-2 + 3 - 3). What is s(b)?
-1
Suppose -3*h + 51 = -3*g, -2*h + 19 = g + 2*g. Suppose 3*y + f + f = h, -2*y - f + 8 = 0. Let t(w) = w**2 + w - 10*w**y - 4*w**2. What is t(1)?
-12
Let u(q) = -q. Let o be u(-4). Let j(c) be the first derivative of c**3 + 2*c + 1/4*c**o + 2 + 3/2*c**2. Give j(-3).
-7
Suppose k + 6 = -2. Let f(c) = -c**2 - 10*c - 12. What is f(k)?
4
Let o be -3 + (0 - 2)/2. Let f(y) = -7 - 2*y + 5 - 1. Calculate f(o).
5
Suppose 3*j = -2*b - 2, b - 5*j + 26 = -3*b. Let y(z) be the third derivative of z**6/120 + z**5/12 + 5*z**4/24 - z**3/6 + z**2. Determine y(b).
-5
Suppose 6 = -5*u + 31. Suppose j + u = 2*j. Let o(k) = -k**3 + 4*k**2 + 4*k + 2. Calculate o(j).
-3
Let y be -1*(1 - -1) - 16. Let b be y/12*(-8)/(-6). Let q(j) = -j**2 - j + 1. Determine q(b).
-1
Let j(m) = m. Let h be j(-6). Let n = -3 - h. Let x(u) = 4*u**2 + 0*u**2 - 25*u**n + 26*u**3. Calculate x(-4).
0
Suppose 37 - 72 = -7*g. Let k(f) = f**2 - 3*f - 5. What is k(g)?
5
Let j(p) = -p**2 - 11*p + 14. Let w be j(-12). Let s(b) = -9*b + 1. Let k(h) = 45*h - 6. Let i(v) = w*k(v) + 11*s(v). Determine i(-1).
8
Let x(n) = 2*n**2 - 5 - 12 - 3*n**2 - 2*n + 16. Give x(-1).
0
Let o(y) = -3*y**3 - y**2. Let j(k) = -7*k**3 - 2*k**2 - 1. Let a(c) = 4*j(c) - 9*o(c). What is a(0)?
-4
Let d(g) = 2*g**2 + 0*g - g - 8 - g**2. Let r(h) = -h**2 + 8*h - 2. Let t be r(7). Suppose -t*j + i - 1 = 0, -2*j + i = -4*j + 1. What is d(j)?
-8
Let b be -2*(-6)/4 - 2. Let s(g) = -2 - 2*g + b - 2. What is s(3)?
-9
Let a(r) = 10*r - 1. Let l(i) = -i. Let d(s) = -a(s) - 6*l(s). What is d(1)?
-3
Suppose 11 = -5*l + 36. Suppose -5*j + 0*j + l = 0. Let k(z) = -z + 3*z**2 - 3*z**3 - j - 2*z**2 + 11*z**3. Calculate k(-1).
-7
Let a = 8 + -5. Let g be a/((-9)/6 + 3). Let p(i) = -3*i + 1. Give p(g).
-5
Let t(q) = 5*q**2 + 2 - 10*q**2 - q**3 - 6*q + 9*q. Give t(-4).
-26
Let y(m) = -5*m**3 + 2*m**2 - m. Let t = -12 + 12. Suppose -3*u - 9 = t, 13 = o - u - 3*u. What is y(o)?
-4
Let x = 0 - -7. Suppose 0 = x*y - 5*y. Let f(n) = n**3 + n**2 - n + 7. Give f(y).
7
Let x(u) = -u - 3. Suppose 0*p + 10 = 2*p, -5*d + p = 30. What is x(d)?
2
Let b(k) = -3 + 18 + 0*k - k + 0*k. Determine b(10).
5
Let t be (-4)/(-16) + (18/8 - 2). Let a(z) be the second derivative of 0 - t*z**2 + z - z**3. Calculate a(1).
-7
Suppose -5*j - 3*m = -15, -2*j + 0*m = -3*m - 6. Let q be (-2)/(-5) - 48/(-30). Let l(z) = -4*z - z - 2 - z**2 + 2*z**q + 5. Give l(j).
-3
Let r(n) = -n**2 - 5*n + 5. Let u(q) = 0*q - q - 4 + 2*q - 11. Let s be u(9). Determine r(s).
-1
Let u(n) = -n**2 - 10*n + 28. Let h be u(-12). Let c(o) = o**3 - 4*o**2 - o + 3. Determine c(h).
-1
Let h(l) = -3 + l - 6*l - 2*l**2 + l**2. Let f be h(-5). Let w(b) be the third derivative of b**4/24 - b**3/6 + b**2. What is w(f)?
-4
Let y be 4/5*10/4. Let x = -6 + y. Let r(u) = u**3 + 4*u**2 - u + 1. Determine r(x).
5
Let q = -3 + 4. Let c(g) be the second derivative of g**5/20 - g**4/12 - g**3/6 + g**2/2 - g. What is c(q)?
0
Let y = -64 + 70. Let x(c) = c**3 - 7*c**2 + 6*c - 4. Give x(y).
-4
Suppose -2*p + 3 = -1. Let s(x) be the first derivative of -x**2/2 + 2*x - 3. Let i(q) = q - 2. Let v(n) = 3*i(n) + 4*s(n). Determine v(p).
0
Let i(a) be the second derivative of -a**4/6 + 10*a. Give i(3).
-18
Let j(p) = p**2 - 10*p + 3. Let k be j(9). Let g(a) = -a**2 - 7*a - 7. What is g(k)?
-1
Let b(g) = -g**2 - 11*g - 5. Let q = -44 - -34. Give b(q).
5
Suppose 3*t + 4*r = t, -4*r = -t + 30. Let u = 5 - 3. Let z(a) = -a + t*a**3 - 9*a**3 + 4*a**2 + 5 + u*a. Determine z(-4).
1
Let t = 2 + -4. Let x be 8*(t - 10/(-4)). Let m(c) = 7*c - 1. Let y(l) = -4*l + 1. Let f(k) = 3*m(k) + 5*y(k). Calculate f(x).
6
Let c(b) = -b**3 + 6*b**2 + b - 6. Let y be ((-4)/((-8)/(-66)))/(-1). Suppose 4*k - 34 = -0*k - 2*d, -3*d = 3*k - y. Calculate c(k).
0
Suppose 18 = 5*w + 8. Let y(x) = -2*x**2 - 1 + x**3 - 6 + 5 + 3*x. Calculate y(w).
4
Let c(d) = d**3 - d**2. Let w(y) = 6*y**3 - 11*y**2 - 2*y + 1. Let i(t) = 5*c(t) - w(t). Determine i(6).
11
Let h(p) = p**3 + 2*p**2 + p - 1. Let t be (30/25)/((-2)/10). Let y = t - -9. Let u be 3/y*4/(-2). Give h(u).
-3
Let w(d) = d**2 - 7*d - 7. Let p(l) = -3*l - 48. Let n be p(-18). Calculate w(n).
-13
Suppose -6 = -3*c, 0*c + 31 = 3*r + 2*c. Suppose 5*s - 4 = -r. Let q(w) = -10*w**3 + 2*w**2 + w. Determine q(s).
11
Let i(l) = -l - 3. Let j(d) be the first derivative of d**2/2 + 3*d + 1. Suppose 2*h = -k + 2, 14 = -k - h + 3*h. Let s(m) = k*i(m) - 5*j(m). Determine s(-3).
0
Let i(g) = g**3 - g**2 + g + 1. Let m(f) = 3*f**3 + 2*f**2 - 4*f + 1. Let y(q) = 2*i(q) - m(q). What is y(-5)?
-4
Let c(k) = -6*k - 1. Let s(l) = -13*l - 3. Let j(x) = -5*c(x) + 2*s(x). Let g = -2 + 1. Calculate j(g).
-5
Let v(u) = 7*u**2 + 2*u + 2. Let r(h) = 13*h**2 + 5*h + 5. Let a(g) = 6*r(g) - 11*v(g). Give a(-7).
1
Let t(x) = x**2 - 4*x + 2. Let k = -5 + 8. Suppose 5*p + 4 = -1. Let c be p - 1/(k/(-18)). Calculate t(c).
7
Suppose -1 + 5 = 4*k. Let t(q) = -k + 0 - 2 + 1 + q. What is t(4)?
2
Let s(r) = -r - 3. Let n(h) = -3*h + h**2 + 33 + h - 32. Let y be n(1). Calculate s(y).
-3
Let u(f) = f - 4. Let n be (-2)/(-4)*0 - -2. Suppose -2*w - n = -3*w. Suppose 3 + w = r. Determine u(r).
1
Let v = 11 - 11. Let s(y) = v + 5 - 6*y + 8*y. Determine s(-4).
-3
Let s be -4 - (8 + 0)*(-1)/2. Let t(o) = o. Let z(b) be the first derivative of -3*b**2/2 + 4*b - 2. Let l(j) = 2*t(j) + z(j). What is l(s)?
4
Let j(x) = -x - 3. Let r(t) = 2*t + 5. Let b(l) = -8*j(l) - 5*r(l). Let y be 2/(-7) - (-27)/21. Let o be (y/2)/((-2)/(-4)). Determine b(o).
-3
Let g(z) be the first derivative of -5*z**2 - z - 2. Give g(1).
-11
Suppose 0*p + 12 = 4*p. Let d(a) = p*a - a + 0*a. Suppose -2*y + 1 = -y. Determine d(y).
2
Let p(d) = 3*d + 10. Let r(k) = 3*k + 9. Let h(c) = 5*p(c) - 6*r(c). Calculate h(-4).
8
Suppose 3*u - 1 - 5 = 0. Suppose 0 = 3*h - 9, -u*k - 3*k - 5*h = -25. Let c(y) = y**3 - 2*y**2 + y + 1. Determine c(k).
3
Let m(p) = p + 5. Let w(h) = -3*h - 4*h + h**3 + 2*h - h**2 - 4 + 4*h. Let g be w(0). Calculate m(g).
1
Suppose 0 = -5*r + 6 + 4. Let a(v) = -r*v + 5*v + 2 - 6*v. What is a(-2)?
8
Let z(q) = q**2 + 5*q - 3. Let v = -19 + 24. Suppose -v*j - 9 = 11. Calculate z(j).
-7
Let t(g) = 2*g - 6. Let a(r) = -r**2 + 8*r - 3. Let w be a(7). Suppose -w*y = -y. Suppose 0*m - m + 4*d - 12 = y, 2*m = 3*d - 4. Give t(m).
2
Let v(l) = -l + 1. Suppose 3*h = -4*a + 27, -27 - 5 = -5*a - 2*h. Give v(a).
-5
Suppose -5 = -6*s + 7. Suppose -2 = -4*p - 3*z, 5*p + 7*z = 3*z + 2. Let g(d) = -2*d**2 + 0 - 1 - 1 + p*d. Determine g(s).
-6
Let p(z) = z**2 + 6*z + 3. Let y be p(-6). Let b(o) = -o**2 - 5*o - o**2 + o**3 + 0*o**3 + 4. What is b(y)?
-2
Let r(h) = 15*h**3 + 2*h**2 - h. Let g be r(1). Let q(p) = -g*p + 0 + 0 + 20*p. Let v be q(1). Let u(o) = -o - 2. Determine u(v).
-6
Let h(x) = -x - 1. Let y(k) = -6*k - 6. Let c(r) = -r - 1. Let b(o) = 5*c(o) - y(o). Let g(u) = -7*b(u) - 6*h(u). Give g(3).
-4
Let h(o) be the second derivative of o**3/6 + 4*o**2 - 4*o. Let g(b) = b + 8. Let r(w) = 6*g(w) - 7*h(w). Give r(-4).
-4
Let p be 9 - ((-5 - -3) + 3). Suppose -h + p = 4. Let t(g) = 2*g + 3. Determine t(h).
11
Suppose -10 = -a + 3*a. Let t = 4 - 4. Let f(q) = 7 + t*q - 3 + q. Calculate f(a).
-1
Let u(o) be the first derivative of -2*o + 3/2*o**2 - 5. Give u(4).
10
Let t(h) = h + 5. Let n be t(-12). Let q = n - -7. Let u(a) = -a - 3. Determine u(q).
-3
Let t(g) = 68*g + g**3 + 0 - 67*g + 1 - 3*g**2. Suppose r - 4 + 2 = 0. What is t(r)?
-1
Let u = 11 + -4. Let z(q) = -q**2 + 8*q + 8. Give z(u).
15
Suppose -t = -2*u - 7, 5*u = 2*t - 15 - 0. Suppose -t*l = -0*l. Let m(k) = k + 7. What is m(l)?
7
Let x(q) = -1 + 2*q + 4 - 6